 55865801 a composite number?
False
Is 199326151 a composite number?
False
Is 6109795 prime?
False
Is 10414163 a prime number?
True
Is 6328411 prime?
True
Is 23181377 composite?
False
Is 34793651 a prime number?
True
Is 624521 a prime number?
True
Is 424043 composite?
True
Is 1634423 prime?
False
Is 6421201 a prime number?
True
Is 1534397 a prime number?
True
Is 19563811 prime?
False
Is 85524287 a prime number?
True
Is 60829 a composite number?
True
Is 7172071 a composite number?
True
Is 45486317 composite?
False
Is 114087793 composite?
True
Is 93559967 prime?
False
Is 37161197 a composite number?
False
Is 97135253 composite?
True
Is 6505967 prime?
False
Is 1577959 a prime number?
True
Is 14726549 composite?
False
Is 7131799 prime?
False
Is 78160639 a prime number?
False
Is 1482973 prime?
False
Is 2083847 a prime number?
True
Is 43343837 prime?
False
Is 1904551 composite?
True
Is 748507 composite?
True
Is 207187793 a prime number?
True
Is 8542645 a composite number?
True
Is 56021677 a prime number?
True
Is 2526343 a composite number?
True
Is 53250737 a composite number?
False
Is 56346431 prime?
False
Is 2290177 a composite number?
False
Is 2554501 a prime number?
False
Is 19044979 a prime number?
True
Is 250109 composite?
False
Is 331583309 a composite number?
False
Is 2897357 a prime number?
True
Is 115894511 composite?
False
Is 67488961 a prime number?
False
Is 16877347 a composite number?
False
Is 2015597 prime?
False
Is 2584207 a composite number?
False
Is 640579 composite?
False
Is 111262469 a prime number?
True
Is 12621241 prime?
True
Is 2567879 composite?
False
Is 8327509 prime?
False
Is 2205431 composite?
True
Is 19186819 a prime number?
True
Is 15571501 a composite number?
True
Is 1275077 composite?
True
Is 481543183 a prime number?
False
Is 195956581 a composite number?
True
Is 507461 a composite number?
False
Is 1141949 a composite number?
False
Is 1137629 a composite number?
False
Is 31679699 composite?
False
Is 27995291 a prime number?
True
Is 21378689 a composite number?
True
Is 7284887 a prime number?
False
Is 625019 a prime number?
False
Is 1554797 a composite number?
False
Is 887063 a composite number?
True
Is 11347163 composite?
True
Is 13649483 a composite number?
False
Is 14254243 composite?
False
Is 1913309 composite?
True
Is 28515199 a composite number?
True
Is 33579443 a composite number?
False
Is 777555281 prime?
True
Is 654517 a prime number?
False
Is 6957091 prime?
True
Is 5844059 composite?
True
Is 1247509 a prime number?
True
Is 83825971 a prime number?
True
Is 7177237 prime?
True
Is 36678643 a prime number?
True
Is 659251 prime?
True
Is 4190819 composite?
True
Is 60598787 a composite number?
False
Is 533266 a composite number?
True
Is 62477791 a prime number?
True
Is 6635129 a prime number?
True
Is 18379313 a composite number?
True
Is 4731359 prime?
False
Is 6618847 a composite number?
True
Is 201394453 a prime number?
False
Is 156595243 a composite number?
True
Is 10380805 a prime number?
False
Is 12522221 a composite number?
False
Is 1105927 prime?
False
Is 7810169 a prime number?
True
Is 53051413 composite?
True
Is 79974127 composite?
False
Is 92083991 a prime number?
False
Is 5474991 a composite number?
True
Is 26478691 composite?
False
Is 337661923 a prime number?
True
Is 52921877 a prime number?
False
Is 9706681 prime?
True
Is 3247169 a composite number?
True
Is 68576891 a composite number?
False
Is 426287 a prime number?
True
Is 77983 prime?
True
Is 51865633 a prime number?
False
Is 328384933 composite?
False
Is 67218947 a prime number?
True
Is 29777407 a composite number?
True
Is 172124467 a prime number?
True
Is 4218899 a prime number?
True
Is 44765359 composite?
False
Is 20014 a composite number?
True
Is 24058585 composite?
True
Is 377827 prime?
True
Is 5578031 a composite number?
False
Is 145317569 prime?
False
Is 22181 composite?
True
Is 17667389 composite?
True
Is 1566989231 composite?
False
Is 569599 prime?
True
Is 101165771 a prime number?
False
Is 44773609 a prime number?
True
Is 38358143 a composite number?
True
Is 455419 prime?
True
Is 30456691 composite?
True
Is 19487521 a prime number?
False
Is 750589 a composite number?
True
Is 3851147 composite?
False
Is 1138009 a prime number?
False
Is 5104423 composite?
False
Is 4289203 prime?
False
Is 24007019 a composite number?
False
Is 4180702 prime?
False
Is 1416137 a composite number?
False
Is 56218429 a composite number?
True
Is 60361 a composite number?
True
Is 15140091 a composite number?
True
Is 167293 a composite number?
True
Is 2177737 a prime number?
True
Is 2307871 composite?
False
Is 325642 a composite number?
True
Is 140963323 a composite number?
True
Is 2863087 a composite number?
True
Is 1749021 a composite number?
True
Is 173419341 a composite number?
True
Is 10524691 composite?
False
Is 52567681 composite?
False
Is 26332513 prime?
True
Is 119329269 a prime number?
False
Is 39452111 prime?
True
Is 359171777 prime?
False
Is 1009703 composite?
True
Is 30547 prime?
False
Is 1496471 a composite number?
False
Is 4984391 composite?
False
Is 177815173 composite?
False
Is 8787403 a composite number?
True
Is 951763 a prime number?
False
Is 338698859 prime?
False
Is 9676937 composite?
False
Is 173412923 prime?
False
Is 169075961 a composite number?
False
Is 84857 a composite number?
False
Is 290688941 a prime number?
False
Is 2450377 a composite number?
False
Is 31681007 prime?
True
Is 367305941 composite?
False
Is 55920217 composite?
False
Is 14082269 a prime number?
True
Is 24098458 prime?
False
Is 134572049 prime?
True
Is 1223357 a prime number?
True
Is 29641198 a composite number?
True
Is 57252817 a composite number?
True
Is 1752181 a prime number?
True
Is 173821091 a composite number?
False
Is 25727357 a prime number?
True
Is 2400223 a prime number?
False
Is 30104021 a composite number?
False
Is 975143 prime?
False
Is 498319 composite?
True
Is 1538939 prime?
True
Is 5779723 a prime number?
True
Is 102146791 a composite number?
True
Is 75098791 prime?
True
Is 1395161 a composite number?
True
Is 10174967 a composite number?
True
Is 5223095 a prime number?
False
Is 130871159 a composite number?
False
Is 6848879 prime?
False
Is 16285729 composite?
False
Is 416828303 composite?
True
Is 4425649 a prime number?
False
Is 63763793 a composite number?
False
Is 6149449 prime?
False
Is 2612083 composite?
False
Is 2151313 a composite number?
True
Is 150827 prime?
True
Is 40769 a prime number?
False
Is 205629023 a prime number?
False
Is 2009461 a prime number?
True
Is 8969407 a composite number?
False
Is 7253635 composite?
True
Is 96775267 composite?
False
Is 436902379 prime?
True
Is 262887571 prime?
True
Is 4427351 a prime number?
False
Is 5623837 prime?
False
Is 10460794 a prime number?
False
Is 11182453 composite?
True
Is 23220247 a prime number?
True
Is 24608783 a composite number?
True
Is 829211 a prime number?
True
Is 254418289 a composite number?
False
Is 14299243 composite?
True
Is 3329821 composite?
True
Is 1075253 composite?
True
Is 3874669 a composite number?
False
Is 1927729 composite?
False
Is 43289527 a composite number?
False
Is 15163793 a prime number?
False
Is 71708093 a composite number?
False
Is 62403779 a prime number?
True
Is 2491810763 prime?
False
Is 39184307 prime?
False
Is 10423957 prime?
True
Is 40505629 composite?
False
Is 14990771 composite?
True
Is 2302043 composite?
False
Is 222587 composite?
False
Is 617863 a composite number?
True
Is 122273293 composite?
False
Is 3272917 composite?
True
Is 413183 a prime number?
True
Is 440273 a prime number?
False
Is 37673 a composite number?
True
Is 5075797 a composite number?
False
Is 53951 a prime number?
True
Is 9778469 a composite number?
False
Is 37036299 a composite number?
True
Is 34913 a composite number?
False
Is 31771151 a prime number?
False
Is 60155369 a prime number?
True
Is 1296248549 composite?
False
Is 65055023 prime?
False
Is 9379159 prime?
True
Is 266173 a prime number?
False
Is 8916977 composite?
False
Is 12131467 a prime number?
False
Is 43921727 composite?
True
Is 40337519 prime?
True
Is 1133009 composite?
False
Is 188666869 prime?
True
Is 49816633 a prime number?
True
Is 5918789 prime?
True
Is 13843699 a composite number?
True
Is 72573593 a composite number?
True
I